t s be i(0). Calculate r(s).
10
Let k(a) = -a - 9. Suppose -3 + 11 = -b. What is k(b)?
-1
Let y(g) = g + 7. Let k be y(-5). Let x(v) be the second derivative of -v**4/4 + v**3/3 - 2*v. Calculate x(k).
-8
Let l(k) = -48 + 88 - 42 + k. Calculate l(3).
1
Let r(c) = c**3 + 4*c**2 - 6*c - 1. Suppose -5 = 5*s + 5*x, -x = 4*s + 16 - 0. Let m be r(s). Let p(k) = k**3 - 3*k**2 - 5*k + 3. Give p(m).
-1
Let o(s) be the third derivative of s**5/60 - s**4/12 - 2*s**3/3 - 580*s**2. Let r(b) = b - 2. Suppose 0*m + 2*m - 10 = 0. Let u be r(m). What is o(u)?
-1
Suppose 11*c + 3*c = 0. Let p(j) = j + 15. Determine p(c).
15
Let a(r) be the second derivative of r**5/20 + 15*r. Give a(1).
1
Let m(a) = 0 - 5 + 4 - 7*a + 2. Suppose 0 = 5*g - 8 + 3. Calculate m(g).
-6
Let w(g) = 7*g + 11. Let h be 6/(-9) + 62/(-6). Let u(z) = -13*z - 21. Let t(o) = h*w(o) - 6*u(o). What is t(-6)?
-1
Let o(z) = -4*z - 7. Let f = 14 + -8. Let j(l) = 5*l + 8. Let m(s) = f*o(s) + 5*j(s). Suppose 4*y - 3*y = -4. Give m(y).
-6
Suppose -5*x + 6 = -2*x, -8 = -4*r + 4*x. Let j(y) be the second derivative of 1/12*y**r + 0*y**2 + 0 + y + 0*y**3 - 2/5*y**5. Give j(1).
-7
Let p(y) = 2*y**2 - 6*y. Let d(m) = m**2 - m. Let l(t) = -5*d(t) + p(t). Give l(1).
-4
Let o(t) = t + 1. Let r(s) = 21*s + 27. Let c(m) = -18*o(m) + r(m). Suppose -30 = -72*h + 77*h. What is c(h)?
-9
Let l(a) be the third derivative of 1/12*a**4 - 5*a**2 + 0 + 4/3*a**3 + 0*a. What is l(-6)?
-4
Let i(p) = -p - 1. Let y be i(-3). Let w(q) = 4*q**2 + 2*q - 4*q - 1 + 3 - 3*q**2. Calculate w(y).
2
Let u = 9 - 4. Let o(a) = 2 + 5*a - u*a - 3*a + 5*a. What is o(3)?
8
Let i(r) be the second derivative of -7/20*r**5 - 3*r + 1/12*r**4 + 0 - 1/6*r**3 + 0*r**2. Suppose 0 = g - 4, 10 = -4*k + 5*g - 6. What is i(k)?
-7
Let f(n) be the second derivative of 1/3*n**4 + 0 - n**2 + 3*n - 1/20*n**5 - 1/3*n**3. Suppose -2*y = 2*y - 12. Calculate f(y).
1
Let g(s) = -s**3 + 4*s**2 + 4*s + 1. Let d(n) = n**2 - 8*n - 1. Let l be d(6). Let k be 2/3 - 78/9. Let h = k - l. What is g(h)?
-4
Let x(j) = -j**2 + 11*j - 3. Let b be x(11). Let z be (-3)/b*(-6)/(-2). Let m(c) = -3*c + 1. Calculate m(z).
-8
Let u = -3 + 8. Let j(q) = q + 5*q - u*q - 1 + 2. Give j(-4).
-3
Let c(y) = y**3 - 7*y**2 + 7*y - 8. Suppose -3*a + 8 = -1. Suppose 0 = -a*b + 3 + 15. Give c(b).
-2
Let c be ((11/(-30))/(-11))/((-6)/(-9)). Let j(w) be the second derivative of -2*w - 5/12*w**4 + 2/3*w**3 + 0 - 1/2*w**2 + c*w**5. Determine j(3).
-7
Suppose -6*a + 19 + 17 = 0. Let l(x) = x**2 - 9*x + 9. Give l(a).
-9
Let l(n) be the second derivative of 3*n - 1/20*n**5 + n**2 + 2/3*n**3 - 1/6*n**4 + 0. Determine l(-3).
-1
Let m be 0/(2 - (1 + 2)). Suppose -2*n + 4 = -u, -1 = 2*n + 3*u - 5. Let h(t) = 2*t**2 - t + 2*t + m*t - n*t + 4 - t**3. What is h(3)?
-8
Let z(g) = -3 - 3*g**2 + 0 + g**3 + 2*g + 0. Let j(a) = a**2 + 6*a - 4. Let l be j(-7). Calculate z(l).
3
Let h(r) be the second derivative of 0 - r + 1/6*r**3 + 0*r**2 - 3/4*r**4. Give h(1).
-8
Let y(c) = 2*c**2 - 2*c + 1. Let h(p) = -p**3 - 10*p**2 - 9*p - 6. Let j be h(-9). Let u be 2 + j/(-3) + -2. What is y(u)?
5
Let q(m) = -2*m**2 - 4*m. Suppose -2*l + 5*l = 9. Suppose 0 = s + l*s - 28. Let u = s + -10. Give q(u).
-6
Suppose 4*d + 4 = 3*d. Let t(q) be the first derivative of q**2/2 + 4*q - 1. What is t(d)?
0
Let m(z) = -z - 9. Suppose -n - 4*a - 10 = 0, -3*a = 3*n + 6 + 15. What is m(n)?
-3
Suppose l + 2*l = -33. Let x = -9 - l. Let i(c) = -6*c + 0*c - 1 + 3 - c**x. Give i(-6).
2
Let z = 0 + 1. Suppose -4*c - 23 = -5*r, 7 = 5*r + c + 3*c. Let q(x) = x - 3 + r - 7*x**2. Determine q(z).
-6
Let l(x) be the first derivative of -x**3/3 - 3*x**2/2 - 5*x + 2. What is l(-3)?
-5
Let j be (-1)/(21/9 - 2). Let v(r) = 6*r. Determine v(j).
-18
Suppose -4*q + 3 + 1 = 0. Let b be (1/3)/(q/3). Let d(g) be the first derivative of 9*g**4/4 - g**3/3 - g**2/2 + g + 20. Determine d(b).
8
Let u = 8 + -4. Let g(q) = -q**3 + 2*q**2 + 2*q. Let j(f) be the first derivative of -f**4/4 + 2*f**3/3 + f**2/2 + f + 9. Let t(y) = u*g(y) - 3*j(y). Give t(3).
3
Let a(i) be the second derivative of -i**3/3 + 3*i**2 - 12*i. What is a(7)?
-8
Let q(s) be the first derivative of s**4/4 - 7*s**3/3 + 7*s**2/2 - 8*s + 6. Determine q(6).
-2
Let p(b) = 26 - 6*b**2 + 20 + 25 - 69 + b**3 + 5*b. What is p(4)?
-10
Let j(p) be the third derivative of -p**5/60 + p**3/6 + 5*p**2. Suppose 7 - 1 = 2*l. Suppose -4*w - 18 = 2*u, 2*w - l = -2*u + 5*w. What is j(u)?
-8
Let c(m) = 6 - m**3 - 5*m**2 - 4*m + 1 - 3 + 0*m. Let y(d) = -d**3 + d - 4. Let z(k) = k**3 - 2*k + 1. Let q be z(1). Let o be y(q). Calculate c(o).
4
Let v(f) = f. Let w(j) = 7*j - 12. Let m(k) = 5*k - 8. Let i(b) = 8*m(b) - 5*w(b). Let n(a) = -i(a) + 2*v(a). What is n(3)?
-5
Let m(i) = 3 - i**2 + 4 - 7. Give m(-2).
-4
Suppose -3*v - 1 = -3*s - 2*s, -v + 5 = s. Let u(y) be the third derivative of -y**5/60 + y**4/24 - y**3/6 + 8*y**2. Determine u(s).
-3
Let a = 10 - 16. Let f be ((-4)/a)/((-5)/(-45)). Let x(t) = -t**3 + 7*t**2 - 7*t + 3. What is x(f)?
-3
Let b(k) be the second derivative of k**4/24 + k**3/6 - k**2 - 2*k. Let j(q) be the first derivative of b(q). Let p be 8/(-3)*9/6. Determine j(p).
-3
Suppose 3*f + 18 = -4*l, -3*f + 2*f + 26 = -4*l. Let u(s) = -s**3 - 7*s**2 - 7*s - 2. Give u(l).
4
Let o(p) = -p**3 - 5*p**2 - 6*p - 3. Let f be o(-4). Let i = f + 0. Let d(h) be the second derivative of -h**5/20 + h**4/2 - 2*h**3/3 + 5*h**2/2 + h. Give d(i).
10
Let k(y) = y**2 - y - 20*y**3 + y**2 + 8*y**3 + 13*y**3. What is k(-3)?
-6
Let l = -3 + 7. Let c be (-4)/14 + (-4)/(-14). Let s = c + l. Let k(z) = z**2 - 3*z. Give k(s).
4
Suppose -4*t = -2*s - 8, -9 + 3 = -3*t + 5*s. Let y(x) = -4 - 2*x**2 - t*x**2 - 6*x - 3*x**2 - x**3. Determine y(-6).
-4
Let w be 10*2/(-8)*2. Let l(p) = -p**3 - 11*p**2 + 3*p + 11. Let i(z) = -z**3 - 10*z**2 + 2*z + 10. Let y(k) = 5*i(k) - 4*l(k). Give y(w).
-9
Suppose 9*x - 14*x = 0. Suppose -3*p = 2*p - 15. Let n(a) = 4*a**2 - p*a**2 - 2*a**2 + 9. What is n(x)?
9
Let i(l) = 17*l**2 - 2*l + 7. Let s(r) = -33*r**2 + 4*r - 13. Let z(u) = -11*i(u) - 6*s(u). What is z(1)?
10
Let s(w) = -w**2 + 0*w**2 + 27*w**3 + 2*w - 25*w**3 - 1. Calculate s(1).
2
Let r(t) = -t + 1. Let c be r(2). Let w(s) = 2*s - 12*s**3 + 18 - 17 + s**2 - s**2. Determine w(c).
11
Let r(o) be the second derivative of 1/24*o**4 + 1/2*o**2 - 2*o + 0 + 0*o**3. Let l(y) be the first derivative of r(y). Calculate l(4).
4
Let g be ((-12)/16)/(2/(-16)). Let n(v) = -7*v**2 + 13*v + 16. Let s(j) = -3*j**2 + 6*j + 8. Let h(w) = -2*n(w) + 5*s(w). Determine h(g).
-4
Let t(z) = 2*z**2 - 2*z. Suppose 8 = 4*o - 0. Let n be t(o). Let x be (2/n)/((-2)/(-4)). Let g(b) = -b**2 + 3*b - 1. Give g(x).
1
Let l(o) = 5*o + 7. Let j(r) = -3*r - 4. Let w(q) = -7*j(q) - 4*l(q). Determine w(4).
4
Let r be 68/8 + 1/(-2). Suppose -2*h - 3*b = r, -4*b = 3*h - 2*h + 14. Let x(c) = -4*c**2 - 2 - 5*c + 2*c**2 + 3*c**h. What is x(5)?
-2
Let h(g) = 6*g**3 + g**2 - 1. Let q be 20/8 + 1/(-2). Suppose 3*l - o = 6 + q, -2*o = 5*l + 5. Calculate h(l).
6
Let a(l) = -l + 2. Let d = -50 + 40. Calculate a(d).
12
Let p(z) = z**2 + 6*z + 7. Let t be p(-5). Let l be (7/(-3) - -2)*-9. Let i(g) = -1 - 5 - 3*g**3 + g + t*g**l. Give i(0).
-6
Let t = -39 + 33. Let u(g) = g**3 + 7*g**2 + 6*g - 3. What is u(t)?
-3
Let m(w) = -8 - 13*w + 7*w + 0*w + 5*w. Determine m(0).
-8
Suppose -3*w + 12 = -3*x, 2*x + 2*x = 2*w - 4. Let f(r) = r**2 - 6*r - 4. What is f(w)?
-4
Let o(z) = -4*z - 4. Let l be o(-2). Let r(m) = m**3 - 4*m**2 - 4*m + 6. Let a(c) = -c**3 + 5*c**2 + 3*c - 7. Let k(x) = 2*a(x) + 3*r(x). Determine k(l).
12
Let h be (2 + (-7)/2)*-2. Let d(t) = -t**2 + 1 + 4*t**3 - 3*t**3 - t**2 + 3 - 4*t. What is d(h)?
1
Let n(o) be the first derivative of -o**2/2 + 3*o - 7. Determine n(4).
-1
Suppose -3*x = 4*i - 19, 2*i + i - 8 = 4*x. Let c(s) = -2*s - 2. Let m be c(-2). Let v(b) = 7*b**2 - 4*b**2 + m*b**2 - 1. What is v(x)?
4
Let h(n) be the second derivative of 1/4*n**4 + 0 - 1/20*n**5 + 1/2*n**2 + 0*n**3 - 2*n. Suppose a - 3*a = 4*k - 16, k + 4*a = 11. Determine h(k).
1
Let y = -3 - -7. Let p be 1 + y/2 - -1. Let j(u) = 4*u - u**2 - 3*u + u + 3*u + 2. What is j(p)?
6
Let n(h) = h**2 - h - 1. Let p be n(-4). Let y = 13 - p. Let r(f) = -f. Give r(y).
6
Let a(b) = b**2 - 4*b - 7. Let l(j) = j**2 